19*d**2 + 9*d. Let p(a) = 7*i(a) + 2*j(a). Let o = -41 + 46. Give p(o).
10
Let b(f) be the first derivative of 29*f**2/2 - 17*f - 114. Let w(p) = -58*p + 37. Let u(a) = -13*b(a) - 6*w(a). Determine u(1).
-30
Let d(c) = 9*c**3 + 4*c**2 - c - 3. Let u(z) = -20*z**3 - 9*z**2 + 2*z + 7. Let b(k) = 13*d(k) + 6*u(k). Calculate b(-2).
21
Suppose -23*r + 62 = -398. Suppose 14*k - 22 - r = 0. Let p(a) = -a - 5*a + a + 3. Determine p(k).
-12
Let r = -277 - -316. Let d(a) = 4 + 0*a**2 + 2*a**2 + 32*a - r*a + 0. Determine d(4).
8
Suppose -25*m - 45 = 203 - 48. Let t(j) = j**3 + 8*j**2 - 4*j + 1. Determine t(m).
33
Let y(x) be the second derivative of x**4/12 + 7*x**3/3 + 9*x**2 - 257*x. Calculate y(-16).
50
Let s(x) = -3*x**2 - 2*x - 1. Suppose -3 + 8 = -j, 2*h - 4*j = 94. Suppose 17 + h = -27*c. Give s(c).
-9
Let c(i) be the third derivative of -1/24*i**4 + 0*i + 1/3*i**3 + 45*i**2 + 0. Let p be (22/(-4) + 4)*-2. Calculate c(p).
-1
Let m(h) = 17*h - 182. Let w(k) = 10*k - 99. Let g(p) = 3*m(p) - 5*w(p). Calculate g(-12).
-63
Let k be (-6)/(-2) + -1 + 1. Suppose 0 = 5*i - d + 14, -k*d + 5 + 11 = -2*i. Let a(l) = -4 + 1130*l + 1 - 1123*l + 5. Calculate a(i).
-12
Let m(k) be the second derivative of -2*k**3/3 + 13*k**2/2 - 2*k - 114. What is m(-10)?
53
Let s(q) = -q**2 + 9*q + 9. Let f(z) = -245*z - 239. Let j be f(-1). What is s(j)?
27
Suppose -4*k - 8 = m - 5*m, -4*k + 28 = 5*m. Let w(g) = 1261*g**3 + 6*g - 4 - 1260*g**3 - 2 - 8*g**k. Determine w(7).
-13
Let o(c) be the first derivative of -c**3/2 - 3*c**2/2 - 67*c - 155. Let u(d) be the first derivative of o(d). Give u(-9).
24
Let f(x) = -23*x - 4. Let l(d) = 46*d + 8. Let i(q) = 9*f(q) + 4*l(q). Let r(t) = -69*t - 11. Let n(o) = -11*i(o) + 4*r(o). Determine n(-1).
23
Let d(j) = 10*j**2 + 16*j - 63. Let b(x) = -3*x**2 - 4*x + 21. Let m(v) = -7*b(v) - 2*d(v). Give m(6).
-9
Let c(m) = -23*m. Let q be 15/195*0 + 1. Determine c(q).
-23
Let j(a) = 3*a**2 - 15*a - 3. Let w(d) = 16*d**2 - 77*d - 14. Let o(m) = 11*j(m) - 2*w(m). Suppose 733 = 8*i + 653. Determine o(i).
-15
Let j(h) = 3*h - 81. Let i be j(27). Let n(d) = 4*d**3 + 3*d**2 + 5. Let s(l) = -7*l**3 - 5*l**2 - 11. Let a(v) = -5*n(v) - 3*s(v). Determine a(i).
8
Let x be (15/4)/(9*(-4)/96). Let s(z) = -20*z - 197. What is s(x)?
3
Let a(o) be the third derivative of -o**4/24 - 10*o**3 - 2*o**2 - 291. Calculate a(-53).
-7
Let k(h) = -27*h. Suppose -5*b + 22 = -7*u - 10*b, -2*u + 4 = -2*b. Calculate k(u).
27
Let i = -88 - 226. Let z = -322 - i. Let s(o) = -o**2 - 10*o - 11. Determine s(z).
5
Let o(j) = 12*j**3 - 7*j**2 + 17*j - 1. Let q(n) = -5*n**3 + 3*n**2 - 9*n. Let g(d) = 3*o(d) + 7*q(d). Calculate g(-4).
-19
Suppose -62*t + 1189 = 11. Let m(u) = -u**3 + 19*u**2 + 2*u - 29. Give m(t).
9
Let x(d) = 3*d + 70. Let b(u) = -10*u - 186. Let h(q) = 3*b(q) + 8*x(q). Give h(-12).
74
Let o be 25 - 34 - (-4 - 4). Let j(z) = 21*z - 2. What is j(o)?
-23
Let u(l) = 10 - 11*l + l**2 + 0*l + 2*l + 0*l. Suppose 158 = 2*i - 276. Suppose 221*v = i*v + 32. Give u(v).
2
Let y(v) = 4 + 5*v - 15*v + 6*v + 3*v. Let q be (0 + (-10)/(-3))/(12/18). Give y(q).
-1
Let u(c) = 3*c**2 - 7*c - 2. Let v(s) = -4*s**2 + 7*s + 2. Let t be ((-4)/(-3))/(14/(-21)). Let b(i) = t*v(i) - 3*u(i). Let g = 399 + -393. Give b(g).
8
Let b(s) = s - 4. Let g(i) = -2*i**3 + i**2 - 4*i + 29. Let c(q) = -4*b(q) - g(q). What is c(0)?
-13
Let d(f) = 3545 - f + 3551 - 7055. Determine d(8).
33
Suppose 1429*o = 1438*o + 63. Let a(k) = -k**3 - 8*k**2 - k - 1. Determine a(o).
-43
Let j(u) = -15*u + 1. Let w(z) = -z**2 + 3*z + 3. Suppose 5*q - 16 = -3*h - h, -5*h + 3 = 2*q. Let p be h*(5/((-5)/(-2)))/2. Let d be w(p). What is j(d)?
16
Suppose -r = -3*r. Let u(q) be the second derivative of q**3/6 - 5*q**2 + 3*q + 7629. Calculate u(r).
-10
Suppose -13*t - 145 + 158 = 0. Let x(n) = 6*n**2 - n + 2. Determine x(t).
7
Suppose -3*m - 24 = -7*m. Let c(g) = -42 - g + 22 + 28 + 2*g. Determine c(m).
14
Let w(h) = 3*h**3 + 33*h**2 - 23*h + 24. Let v(u) = u**3 + 6*u**2 - 2*u - 1. Let r(k) = -6*v(k) + w(k). What is r(2)?
-28
Let d(w) = 2*w**3 + 2*w**2 + 2*w + 1. Let g be d(-1). Let o(z) = 69*z - 780. Let u(m) = 46*m - 557. Let q(f) = -5*o(f) + 7*u(f). Give q(g).
24
Let x(o) = 140 - 2*o - 22 - o + 2*o - 143. Determine x(-7).
-18
Let b(w) be the first derivative of w**3/3 - 2*w**2 - 30*w - 1892. What is b(-4)?
2
Let v(i) = -i**3 + i**2 + 2*i + 1. Suppose 63*h - 69*h + 72 = 0. Let z(t) = -5*t + 62. Let a be z(h). Give v(a).
1
Let y(w) be the first derivative of 11*w**5/20 + w**4/12 + w**3/6 - 87*w**2/2 - 31. Let x(k) be the second derivative of y(k). Calculate x(-1).
32
Let g(f) = f**3 + 8*f**2 + 9*f + 3. Let b = -124 - -221. Suppose -31 = -11*i - b. Give g(i).
21
Suppose -11*k + 131*k - 1992 - 48 = 0. Let o(t) = -t**3 + 18*t**2 - 16*t + 16. Determine o(k).
33
Suppose -2*q - 127 + 131 = 0. Let p(y) = y + 3. Let k be p(q). Suppose -m - 6 + k = 0. Let i(w) = -w**3 - w**2 - 2*w - 1. Give i(m).
1
Let v(u) = -26*u**2 + 13*u - 194. Let x(j) = 14*j**2 - 6*j + 103. Let d(c) = 6*v(c) + 11*x(c). Determine d(4).
-15
Let l(o) be the second derivative of o**5/10 - o**4 + 5*o**3/3 + 2*o**2 + 847*o. What is l(5)?
4
Suppose -3*d = -3*x - 6, 5*d = x + 60 - 46. Let y(r) = -8*r + 7. What is y(d)?
-17
Let l(k) = 115 - 60 + 3 - 12*k + 9*k. Determine l(0).
58
Let t(q) = 42*q - 162. Let w(l) = -23*l + 92. Let i(j) = 5*t(j) + 9*w(j). Let r = -12 - -2. Let p be i(r). Let y(v) = -v**2 - 11*v + 17. Give y(p).
5
Let g(s) = s + 6. Let a = 401 + -403. Let d be (11/4)/(a - 84/(-48)). Calculate g(d).
-5
Let h(a) = 3 - 1 + 0 - a + a**2. Let v be 2/((-32)/(-168))*((-138)/(-21) - 6). What is h(v)?
32
Let l(g) = -16*g**2 + 272*g - 2. Let r be l(17). Let d(w) = -2*w**3 - 3*w**2 + w + 2. Calculate d(r).
4
Let t(b) be the first derivative of -1/6*b**3 + 48*b + b**2 - 6. Let w(o) be the first derivative of t(o). Calculate w(3).
-1
Let h(v) = -v + 30. Let a(k) = -3*k + 75. Let o(y) = 2*a(y) - 5*h(y). Let b be (-9)/(-4) + (-2)/8. What is o(b)?
-2
Let o be 13/(-13) + (-30)/(-10). Let p(h) = -37*h + 3. Calculate p(o).
-71
Let z(k) be the second derivative of 118*k - 1/3*k**4 - k**2 + 1/6*k**3 + 0 + 1/20*k**5. What is z(3)?
-8
Let k(f) = -f**2 + 3. Let g(m) be the first derivative of -3*m**4/4 - m**3/3 + 2*m - 151. Let a be g(1). What is k(a)?
-1
Let u(p) = 39*p + 34. Let l(d) = -200*d - 171. Let b(t) = 6*l(t) + 31*u(t). Determine b(-5).
-17
Let y(z) = -z**3 - 17*z**2 - z - 16. Let g be (646/(-76))/((-6)/(-12)). What is y(g)?
1
Let o(y) = -y**2 + 44*y - 287. Suppose -1157*m + 1154*m - t = -19, 5*m - 35 = -t. Calculate o(m).
1
Let d(z) = -3*z**3 + 3*z**2 + z - 12. Let j be d(0). Let s(q) = 6*q + 74. What is s(j)?
2
Let h(u) = -23*u + u - 3 + 39*u. Give h(2).
31
Let m(j) = -250 + 672 + 4*j - 315. Give m(-25).
7
Let w(r) = 3 - 7*r**2 - 33*r**3 + 3*r - r + 9*r - 5 + 22*r**3. Let j(g) = 20*g**3 + 12*g**2 - 21*g + 3. Let q(x) = 6*j(x) + 11*w(x). Calculate q(-4).
0
Let t(m) = -m**2 + 11*m - 1. Let x(r) be the first derivative of r**4/4 + 10*r**3/3 - 8*r**2 - 45*r - 80. Let y be x(-11). What is t(y)?
9
Let a(w) = -123*w - 41. Let f(v) = 152*v + 42. Let h(j) = -5*a(j) - 4*f(j). Determine h(-24).
-131
Let d(p) = 2 + 5 + 0*p**2 - 3*p - 3 + p**2. Let l(h) = -5*h - 517. Let u be l(-104). What is d(u)?
4
Let n(s) be the second derivative of -s**5/20 - 5*s**4/4 - 17*s**3/6 - 29*s**2/2 - s - 1752. Determine n(-14).
13
Let b be 2323/(-707) + (-2)/(-7). Let d(s) = s**3 + 4*s**2 + 5*s + 2. Determine d(b).
-4
Let j = 349 + -347. Let u(x) = j*x**3 + 2*x - 12*x**3 + 8 + 11*x**3. Determine u(0).
8
Let f = 54 - 59. Let v be (-4)/(20/(-105)) - f. Suppose 5*a - 61 = -v. Let q(h) = -h**2 + 7*h. Calculate q(a).
0
Let w(a) = -2*a - 6. Let i = 9308 + -9322. Give w(i).
22
Let j(x) = -9*x + 210. Suppose -78 - 824 = -41*k. Determine j(k).
12
Let n(m) = -m**3 - 2*m**2 + 2*m + 1. Let g = 110 - 111. Let c be (g - 4) + (36 - 33). What is n(c)?
-3
Let h(t) be the third derivative of t**6/120 + 7*t**5/30 - t**4/8 + 31*t**3 + 4863*t**2. Determine h(-15).
6
Let y(t) = -t**3 - 2*t**2 + 5*t + 3. Let r(c) = -2*c**3 - 5*c**2 + 7 - 3*c + 5*c + 11*c - 3*c. Let q(d) = -3*r(d) + 5*y(d). Let b = 4333 - 4339. Calculate q(b).
-12
Let g(q) be the first derivative of -q**2/2 - 11*q - 2. Let l(p) = -2*p**3 + 12*p**2 + 2. 